{"id":3220,"date":"2024-02-18T01:59:19","date_gmt":"2024-02-18T01:59:19","guid":{"rendered":"http:\/\/blog.welfenpoker.de\/?page_id=3220"},"modified":"2024-04-08T19:43:42","modified_gmt":"2024-04-08T19:43:42","slug":"recht","status":"publish","type":"page","link":"http:\/\/blog.welfenpoker.de\/?page_id=3220","title":{"rendered":"Recht"},"content":{"rendered":"\n<p><strong>Rechtliche Lage<\/strong><\/p>\n\n\n\n<p>Um Pokerturniere dieser Art veranstalten zu d\u00fcrfen, halten wir uns an die Verordnungen und Vorgaben des nieders\u00e4chsichen Ministeriums f\u00fcr Inneres, des Ordnungsamtes Braunschweig, der Kriminalpolizei Braunschweigund des Landeskriminalamtes.<\/p>\n\n\n\n<p>Damit k\u00f6nnen wir ein legales Pokerevent garantieren.<\/p>\n\n\n\n<p>Mission<\/p>\n\n\n\n<p>Wir bieten ein Vergn\u00fcgungsspiel an!<\/p>\n\n\n\n<p>Damit grenzen wir uns klar vom staatlichen Casinospiel ab, was zwar nicht bedeutet, dass wir einen niedrigeren Anspruch an Professionalit\u00e4t haben aber wir Spielen zum Spa\u00df, es wird niemand arm bei uns.<\/p>\n\n\n\n<p>W\u00e4hrend im Casino 50 bis 300 und mehr Euro pro Abend f\u00e4llig sind, k\u00f6nnen unsere Spieler maximal 20 \u20ac pro Turnier verlieren. Seitenwetten werden von uns unterbunden.<\/p>\n\n\n\n<p>Wir versuchen ein sauberes Pokerspiel in Braunschweig zu etablieren. Wenn Sie Lust haben uns dabei zu unterst\u00fctzen melden Sie sich bitte an info@welfenpoker.de.<\/p>\n","protected":false},"excerpt":{"rendered":"<p>Rechtliche Lage Um Pokerturniere dieser Art veranstalten zu d\u00fcrfen, halten wir uns an die Verordnungen und Vorgaben des nieders\u00e4chsichen Ministeriums f\u00fcr Inneres, des Ordnungsamtes Braunschweig, der Kriminalpolizei Braunschweigund des Landeskriminalamtes. Damit k\u00f6nnen wir ein legales Pokerevent garantieren. Mission Wir bieten ein Vergn\u00fcgungsspiel an! Damit grenzen wir uns klar vom staatlichen Casinospiel ab, was zwar nicht [&hellip;]<\/p>\n","protected":false},"author":1,"featured_media":0,"parent":0,"menu_order":0,"comment_status":"closed","ping_status":"closed","template":"","meta":{"footnotes":""},"class_list":["post-3220","page","type-page","status-publish","hentry"],"_links":{"self":[{"href":"http:\/\/blog.welfenpoker.de\/index.php?rest_route=\/wp\/v2\/pages\/3220","targetHints":{"allow":["GET"]}}],"collection":[{"href":"http:\/\/blog.welfenpoker.de\/index.php?rest_route=\/wp\/v2\/pages"}],"about":[{"href":"http:\/\/blog.welfenpoker.de\/index.php?rest_route=\/wp\/v2\/types\/page"}],"author":[{"embeddable":true,"href":"http:\/\/blog.welfenpoker.de\/index.php?rest_route=\/wp\/v2\/users\/1"}],"replies":[{"embeddable":true,"href":"http:\/\/blog.welfenpoker.de\/index.php?rest_route=%2Fwp%2Fv2%2Fcomments&post=3220"}],"version-history":[{"count":4,"href":"http:\/\/blog.welfenpoker.de\/index.php?rest_route=\/wp\/v2\/pages\/3220\/revisions"}],"predecessor-version":[{"id":3366,"href":"http:\/\/blog.welfenpoker.de\/index.php?rest_route=\/wp\/v2\/pages\/3220\/revisions\/3366"}],"wp:attachment":[{"href":"http:\/\/blog.welfenpoker.de\/index.php?rest_route=%2Fwp%2Fv2%2Fmedia&parent=3220"}],"curies":[{"name":"wp","href":"https:\/\/api.w.org\/{rel}","templated":true}]}}